- (-3 - 15 - -11 - -16).
-15
(0 - -16) + (419 - 421)
14
Evaluate -16 + 3 + (14 - -17 - 22).
-4
-35 - (15 - (-1 - -11 - -17))
-23
Calculate -18 + 3 + 7 - -1.
-7
(10 - (6 - 0)) + 3 + -6
1
What is 14 + -6 - 44 - (-28 - -18)?
-26
Calculate (-11 + 35 - -27) + -33.
18
Evaluate -51 + 38 + 21 - (-1 + 2 - 2).
9
Calculate (-10 - 0) + -12 + 48 + -36.
-10
(-6 - (1 - -22)) + 22
-7
What is the value of -14 - ((14 - 12) + -7)?
-9
What is the value of 10 + 10 + (-17 - -7) - -29?
39
Evaluate -12 + (1 - -8) - (0 + 4).
-7
Evaluate 1 - (-5 + 16 + -1 + (-1 - 6)).
-2
What is -9 - 22 - (-130 - -108)?
-9
Calculate 6 - (7 + 10 + -6 + -6).
1
Evaluate (2 - (0 - 1) - (-8 - 8)) + 10.
29
What is the value of (-4 - -3 - -9) + (121 - 117) - 21?
-9
Calculate 11 + (-6 + 1 - -5) + 0.
11
What is the value of 4 + -1 - (5 - (-14 - (-8 - -8)))?
-16
What is the value of 3 + (-14 - -3) - -10?
2
Calculate 8 + 1 + (-22 + -3 - -2) - -2.
-12
Evaluate 25 + -5 - (34 + -21).
7
What is (-11 + 58 - -27) + -45?
29
Evaluate 12 - (5 - (20 + 6 + 12)) - 12.
33
Calculate -1 - 7 - ((-4 - 1) + -2).
-1
What is the value of -24 + (41 - (26 + 3))?
-12
-12 - (-11 - -15) - -57
41
Evaluate -4 + 4 + -1 - (147 + -159).
11
What is the value of -5 + 0 - ((-13 - (-12 + 3)) + 10)?
-11
What is the value of -35 - (45 + -14 - 37)?
-29
Evaluate -8 + (-12 - -23) - 1.
2
Calculate 3 + 1 + 6 + -15 + 1 + 3.
-1
0 + (6 - (13 - -5))
-12
-3 + -28 - (-43 - -23)
-11
Calculate (5 - 2 - -11) + 35 + -71.
-22
Calculate 3 + (-12 - (17 + -11 - 18)).
3
25 + 2 + (139 - 148)
18
Calculate (-6 - -14) + 4 - (2 + -5 + 6).
9
Calculate (-6 - (0 - (1 - -1)) - 0) + -7.
-11
Evaluate 28 + -28 + 14 + 0 + -4.
10
Evaluate 6 + -3 + -7 + 13 + -33.
-24
What is -1 + (-1 - (-5 + 3 + -3) - -2)?
5
-7 + 4 - -6 - (-7 - (2 - 2))
10
What is 5 + (9 - ((-14 - -5) + 5 - -7))?
11
What is the value of 5 - ((1 - 3) + -2 + 0 + 7)?
2
20 + (0 - 4) + -9 + -5 + 6
8
Evaluate 9 + -11 + -1 + 11.
8
Calculate -24 - (-21 + 4 + -3).
-4
Calculate 7 + (11 + -8 + 2 - -1).
13
What is (0 - 3) + 3 + 3?
3
What is (5 - 1) + (-2 - 24) + (-30 - -37)?
-15
Evaluate -13 + -8 - -7 - (16 + -31 - -12).
-11
Evaluate -20 + 5 - (141 - 139).
-17
-49 + 40 - (-3 + 2 - (4 + 4))
0
What is the value of -6 + 2 + (-9 - -23 - 15)?
-5
What is (-1 - (-11 + -9 - 21)) + -10?
30
What is the value of 1 + 8 - (87 + -83) - -6 - 3?
8
Evaluate 2 + -4 - (-1 - (-10 + 17 - 5)).
1
(-16 - (-1 + -3 - (-18 + 16))) + 4
-10
Calculate (6 - (28 + -1)) + (-6 - 0 - 2).
-29
Calculate -8 + -10 + 12 + -4.
-10
Evaluate -7 + 25 + 1 - 14.
5
What is the value of (11 - (-28 + 34)) + -17 + 2?
-10
Calculate (8 + -7 - (9 + -5)) + (1 - 6).
-8
Evaluate (-16 - (6 + -23)) + (2 - 0).
3
-6 - 4 - (0 - 5)
-5
Calculate (-13 - -1) + 511 + -524.
-25
8 + (0 - -3) - (6 - (7 - 7))
5
Calculate -2 + (29 - 27) - ((2 - 4) + 13).
-11
13 + (7 - -1) + (30 - -12) + -52
11
Calculate -116 + 123 + -1 + 7.
13
Evaluate -41 + 13 - (-5 - 16).
-7
Calculate 5 - (-24 + 22 + 1 + 4) - 1.
1
What is 6 + (6 - -1 - -1) + (-7 - -1)?
8
What is (4 - -29) + 98 + -101?
30
Calculate (-3 - -1) + -9 - (-1 - 3).
-7
-15 + 22 + -4 - (2 + 1 + -5)
5
2 + (-1 - 1) + -251 + 264 - 2
11
Calculate (0 - 2) + -3 + 0 - (-5 + 4).
-4
Calculate 2 - 2 - (7 + (-15 - 4)).
12
(36 + -19 - -13) + -29
1
What is the value of 25 + -19 + 12 + (4 - 6)?
16
Evaluate 1 + (-22 + 31 - (4 - 1)).
7
Evaluate 14 + (-18 - 5) + 20.
11
What is the value of -27 + -6 + 8 + 20?
-5
What is the value of 11 + -8 + -4 + 6?
5
Evaluate 29 + -1 - (10 - (-18 - -14)).
14
What is the value of (-5 + 27 + -16 - 5) + 27?
28
Evaluate 5 - (-11 - -19 - 5).
2
Calculate 0 + 0 - (-2 - (18 - (1 - -7))).
12
20 + (-1 - (7 - (9 + (-4 - 0))))
17
(-3 - -4 - -17) + -10
8
What is 1 + (30 - -27 - 49)?
9
Evaluate 7 + (3 - 3) + 5.
12
Evaluate -6 + 40 + (-52 - -26).
8
Calculate -18 + 0 - (338 + -343).
-13
What is the value of -6 + (-1 - (4 - 6) - -2)?
-3
What is 3 - (-5 - 0) - 2 - (1 - -17)?
-12
What is the value of 26 - (1 + 12) - 9?
4
What is the value of -15 + (-2 + -6 - 7) + 19?
-11
Evaluate 3 - ((3 - (-4 - -7)) + 3) - -2.
2
What is 4 + (3 + -17 - -7)?
-3
Evaluate -9 - (39 + -43) - (1 + -13) - -31.
38
What is -26 + 30 + (-3 - -16)?
17
What is -11 - (-1 - (-3 + 6 - 2 - -3))?
-6
-5 - (5 + -9 + (-4 - -9) - -4)
-10
Calculate (-1 - -6) + 3 + (8 + -6 - 6).
4
What is 33 + -4 - (-15 + 33 + -10)?
21
Evaluate -11 + (6 - ((-2 - 7) + 4)).
0
What is the value of (-2 - -3) + 1 - (4 + 6 + -5)?
-3
Evaluate -40 - -32 - (7 + -4) - (-10 - -21).
-22
Calculate -7 - (5 - 11 - -11 - -2).
-14
Evaluate (2 + -1 - 2) + 0 + 18.
17
Calculate -11 + 8 + 1 + -19 + 3 + 4.
-14
Calculate 2 - 1 - (4 + -40 + 31).
6
Calculate 11 + -4 - (8 + -6).
5
What is the value of 56 + -33 + -14 - (14 - -1)?
-6
Evaluate 14 + (-14 + 18 - 8 - (2 + 0)).
8
Evaluate -14 - -1 - -26 - (-1 - -4).
10
What is the value of (6 - 12) + (10 - 4)?
0
10 - ((-15 - -10) + 17)
-2
Calculate -1 + ((32 - 13) + -8 - 10).
0
Evaluate -24 + 1 + 25 + -20 - -28.
10
What is the value of -26 + -39 + 43 + -13?
-35
Evaluate -16 + 39 + -24 + (-2 - -4) + 4.
5
(20 - (-6 - -19)) + -27 - (-1 - -9)
-28
Calculate 19 + (-8 - -4 - 19).
-4
What is the value of (-76 - -65) + 13 + 0 + 0 + -2?
0
What is (-739 - -732) + (4 - 2 - -7)?
2
Calculate -74 - -45 - (0 + -4 + 6).
-31
Evaluate 22 + -21 - (2 + 4).
-5
(-115 - -105) + (0 - -15)
5
12 - (1 - (8 - (0 - -8)))
11
Calculate -4 + (-2 - 4) + 7.
-3
What is -67 + (41 - (-31 + 36))?
-31
What is 13 + -19 + 0 + -13 + 10?
-9
(-14 - -31 - 7) + -1
9
What is -11 - 18 - (0 + -10) - 5?
-24
Calculate (12 - 16) + (0 - -10) + -10.
-4
-9 - (-21 + (-19 - -29))
2
What is (-45 - -45) + (11 - (-5 + 6))?
10
(10 - 19) + (-9 - -12)
-6
What is the value of -1 + 5 - (-10 - (-8 + 0) - -9)?
-3
Evaluate 19 + 23 + (13 - 42).
13
Evaluate -9 + 0 + -1 + 5 + 1.
-4
Evaluate (-29 - -60) + -70 + 7.
-32
Calculate -11 - (30 - 8) - (7 - -1 - 3).
-38
(9 - 11) + 0 + 10 + (283 - 262)
29
What is the value of 1 + 0 - (-4 + 6 + -2 - 2)?
3
Calculate -31 + 12 - -14 - -5.
0
Evaluate 7 - ((-22 - -37) + (2 - 2)).
-8
Calculate -2 + (6 + -9 - (-7 - 1)).
3
Evaluate -7 - (5 + -2 + -4 - 18).
12
What is -8 + 2 - 3 - -3 - 6?
-12
What is -31 + 0 + (-3 + -8 + 5 - -12)?
-25
-9 + -20 + 7 + 3 + 0 + -3
-22
What is the value of 4 - (7 - 5) - (-8 - -24)?
-14
What is the value of 3 - (2 + -1) - (-1 + -2 + -3)?
8
Calculate 6 - (3 + 4 + -17 + 8).
8
Calculate (-2 + -5 - (-38 + 21)) + (0 - 41).
-31
Calculate (6 - (2 + 3 + -5)) + (-26 - -13).
-7
What is (-3 + 0 - -4) + -7 - 1 - 3?
-10
What is the value of (-12 - (53 + -60 + 1 + 6)) + 5?
-7
Evaluate -22 - (-15 + 5) - -1.
-11
Calculate 13 + (2 - 0) + -4 + -26.
-15
Evaluate -1 + (1 - -1) + -226 + 244 + 0.
19
Evaluate (42 - (17 + 2)) + 2 + -7.
18
8 + -48 - (16 - 31)
-25
-5 - (-11 + -9) - (-2 + 2 - -6)
9
(12 + -36 - -3) + 34
13
What is the value of -9 - (-27 + (-13 - -22))?
9
Calculate 3 + (1 - 3) + -10 + 0.
-9
Calculate 7 - (15 - 4) - (0 + 2) - -2.
-4
Evaluate -3 + (122 + -120 - (1 - (7 - 1))).
4
Evaluate (-6 - (-3 - (-2 + 0))) + -1.
-6
What is -8 + (7 - 8 - 2)?
-11
-25 + 21 - -9 - 11
-6
Calculate -5 - (-9 + (13 - 5) - (-4 - -1)).
-7
-7 + -11 + 6 - (-2 - -3)
-13
Calculate -31 - ((-30 - -34) + -9).
-26
Evaluate 0 + (0 - 2 - (75 + -82) - -4).
9
-2 + -4 + -7 + 9 + 2 + 16
14
Calculate 11 - ((-5 - -8) + 4 - 4).
8
Evaluate 18 - (19 - 3) - (-28 - -3).
27
Evaluate -2 + -14 - (-43 + 39).
-12
What is 17 + -10 + (-4 - 8) + -5?
-10
Evaluate -506 - -520 - (12 - (0 + 1)).
3
What is (-4 - -4) + (-22 - -20)?
-2
Evaluate 0 + (5 + 2 + -12 + 1 - 0).
-4
What is -28 - (30 + -88) - 22?
8
-1 + 5 + 0 + -6 + 11
9
What is the value of -9 - (10 - 1 - (49 + -38))?
-7
What is the value of -2 + -6 + (-1 - -17) + (2 - -2)?
12
Evaluate -20 - (2 + 2) - -34.
10
What is (0 - -3) + -14 + (8 - 11) + 5?
-9
What is the value of (-1 - (-3 - -3)) + 20 + -27 - -10?
2
Evaluate 5 - (-2 - (9 - (9 - 5)) - 0).
12
-4 - (-7 + 25 + 13) - (1 + -5)
-31
Evaluate (9 - 0) + 5 + -15.
-1
Evaluate 0 + -5 - (18 + -7 + 0).
-16
What is (-3 - 1) + 9 + (4 + 2 - 1)?
10
1 - 30 - ((8 - 4) + 0 + -12)
-21
What is 28 + -23 + (-3 - (6 + -8))?
4
What is the value of -37 + 39 + (2 - (9 - 3) - -3)?
1
0 + 0 + -13 + -10 + 26
3
What is the value of 12 - (10 - (7 - (-8 + 9)))?
8
Evaluate -23 - (-16 + 12 + 11).
-30
What is 16 - (3 - (-5 - (1 + (6 - 14))))?
15
What is the value of -3 - (-2 + -5)